75?
5
What is the hundreds digit of 133?
1
What is the tens digit of 56?
5
What is the thousands digit of 35711?
5
What is the thousands digit of 25420?
5
What is the hundreds digit of 56851?
8
What is the hundreds digit of 3204?
2
What is the tens digit of 778?
7
What is the tens digit of 26130?
3
What is the hundreds digit of 90395?
3
What is the units digit of 818?
8
What is the units digit of 13743?
3
What is the thousands digit of 146250?
6
What is the thousands digit of 3074?
3
What is the hundreds digit of 71984?
9
What is the tens digit of 47351?
5
What is the thousands digit of 1971?
1
What is the units digit of 1301?
1
What is the hundreds digit of 3906?
9
What is the tens digit of 4776?
7
What is the units digit of 692?
2
What is the hundreds digit of 2535?
5
What is the units digit of 3232?
2
What is the thousands digit of 18842?
8
What is the units digit of 883?
3
What is the units digit of 153160?
0
What is the tens digit of 11923?
2
What is the thousands digit of 6872?
6
What is the units digit of 2370?
0
What is the hundred thousands digit of 207214?
2
What is the units digit of 28507?
7
What is the tens digit of 78641?
4
What is the units digit of 8583?
3
What is the thousands digit of 1758?
1
What is the hundreds digit of 1500?
5
What is the tens digit of 1881?
8
What is the hundreds digit of 118485?
4
What is the thousands digit of 2230?
2
What is the units digit of 62363?
3
What is the units digit of 204?
4
What is the tens digit of 23956?
5
What is the tens digit of 32813?
1
What is the hundreds digit of 686?
6
What is the units digit of 982?
2
What is the hundreds digit of 14582?
5
What is the hundreds digit of 679?
6
What is the tens digit of 711?
1
What is the hundreds digit of 60344?
3
What is the hundreds digit of 17195?
1
What is the thousands digit of 24689?
4
What is the units digit of 802?
2
What is the hundreds digit of 144334?
3
What is the units digit of 28421?
1
What is the tens digit of 3859?
5
What is the hundreds digit of 3889?
8
What is the tens digit of 1168?
6
What is the ten thousands digit of 87155?
8
What is the thousands digit of 25152?
5
What is the units digit of 4563?
3
What is the hundreds digit of 6339?
3
What is the units digit of 3851?
1
What is the hundreds digit of 5071?
0
What is the hundreds digit of 56059?
0
What is the tens digit of 78?
7
What is the tens digit of 205?
0
What is the hundreds digit of 4625?
6
What is the units digit of 32756?
6
What is the hundreds digit of 1202?
2
What is the thousands digit of 62217?
2
What is the thousands digit of 3883?
3
What is the tens digit of 588?
8
What is the thousands digit of 2462?
2
What is the tens digit of 2259?
5
What is the thousands digit of 9390?
9
What is the hundreds digit of 1029?
0
What is the hundreds digit of 2376?
3
What is the units digit of 11499?
9
What is the units digit of 746?
6
What is the units digit of 2675?
5
What is the tens digit of 5835?
3
What is the hundreds digit of 5593?
5
What is the units digit of 817?
7
What is the tens digit of 1368?
6
What is the units digit of 42974?
4
What is the units digit of 578?
8
What is the thousands digit of 1811?
1
What is the thousands digit of 1832?
1
What is the hundreds digit of 23197?
1
What is the hundred thousands digit of 198609?
1
What is the hundreds digit of 128010?
0
What is the hundreds digit of 15842?
8
What is the hundreds digit of 4018?
0
What is the thousands digit of 120362?
0
What is the tens digit of 56147?
4
What is the hundreds digit of 958?
9
What is the units digit of 1064?
4
What is the tens digit of 7768?
6
What is the units digit of 44786?
6
What is the hundreds digit of 35961?
9
What is the tens digit of 5965?
6
What is the units digit of 97548?
8
What is the thousands digit of 1863?
1
What is the units digit of 8841?
1
What is the thousands digit of 1087?
1
What is the hundreds digit of 779?
7
What is the tens digit of 18997?
9
What is the thousands digit of 28830?
8
What is the hundreds digit of 2473?
4
What is the tens digit of 2470?
7
What is the ten thousands digit of 36705?
3
What is the units digit of 44?
4
What is the units digit of 609?
9
What is the hundreds digit of 5792?
7
What is the thousands digit of 19237?
9
What is the ten thousands digit of 41650?
4
What is the thousands digit of 11144?
1
What is the hundreds digit of 70579?
5
What is the thousands digit of 1162?
1
What is the units digit of 1874?
4
What is the hundreds digit of 935?
9
What is the thousands digit of 21774?
1
What is the units digit of 30246?
6
What is the thousands digit of 2541?
2
What is the hundreds digit of 79139?
1
What is the tens digit of 24224?
2
What is the tens digit of 20?
2
What is the units digit of 4?
4
What is the units digit of 16013?
3
What is the thousands digit of 1686?
1
What is the tens digit of 110769?
6
What is the units digit of 37515?
5
What is the thousands digit of 28278?
8
What is the tens digit of 8326?
2
What is the hundreds digit of 1984?
9
What is the hundred thousands digit of 115023?
1
What is the hundreds digit of 9967?
9
What is the thousands digit of 4206?
4
What is the units digit of 6075?
5
What is the units digit of 1053?
3
What is the hundreds digit of 1708?
7
What is the ten thousands digit of 34494?
3
What is the tens digit of 1304?
0
What is the units digit of 555?
5
What is the thousands digit of 55616?
5
What is the tens digit of 433?
3
What is the thousands digit of 30560?
0
What is the tens digit of 1843?
4
What is the hundreds digit of 66855?
8
What is the hundreds digit of 672?
6
What is the hundreds digit of 9922?
9
What is the units digit of 550?
0
What is the thousands digit of 118776?
8
What is the thousands digit of 6072?
6
What is the tens digit of 6103?
0
What is the tens digit of 10806?
0
What is the tens digit of 89982?
8
What is the tens digit of 9587?
8
What is the tens digit of 101?
0
What is the thousands digit of 6882?
6
What is the tens digit of 7311?
1
What is the units digit of 8145?
5
What is the units digit of 12770?
0
What is the tens digit of 75?
7
What is the tens digit of 11124?
2
What is the tens digit of 464?
6
What is the hundreds digit of 18084?
0
What is the tens digit of 529?
2
What is the units digit of 7926?
6
What is the units digit of 19280?
0
What is the hundreds digit of 30154?
1
What is the tens digit of 562?
6
What is the units digit of 40637?
7
What is the thousands digit of 4333?
4
What is the units digit of 1149?
9
What is the units digit of 301?
1
What is the tens digit of 1887?
8
What is the ten thousands digit of 53949?
5
What is the thousands digit of 1087?
1
What is the units digit of 4885?
5
What is the hundreds digit of 12630?
6
What is the thousands digit of 48377?
8
What is the hundreds digit of 1664?
6
What is the hundreds digit of 95930?
9
What is the tens digit of 1111?
1
What is the units digit of 305?
5
What is the hundreds digit of 480?
4
What is the hundreds digit of 4069?
0
What is the thousands digit of 2227?
2
What is the tens digit of 5296?
9
What is the units digit of 2244?
4
What is the hundreds digit of 1926?
9
What is the tens digit of 150942?
4
What is the units digit of 5986?
6
What is the thousands digit of 172042?
2
What is the tens digit of 26?
2
What is the hundreds digit of 329?
3
What is the thousands digit of 2657?
2
What is the tens digit of 963?
6
What is the tens digit of 7500?
0
What is the ten thousands digit of 73850?
7
What is the hundreds digit of 8283?
2
What is the thousands digit of 29036?
9
What is the hundreds digit of 7114?
1
What is the hundreds digit of 1447?
4
What is the thousands digit of 18537?
8
What is the thousands digit of 3126?
3
What is the hundreds digit of 1982?
9
What is the hundreds digit of 36056?
0
What is the tens digit of 1871?
7
What is the tens digit of 11373?
7
What is the units digit of 35621?
1
What is the hundreds digit of 473?
4
What is the tens digit of 608?
0
What is the tens digit of 1555?
5
What is the units digit of 53400?
0
What is the units digit of 8668?
8
What is the ten thousands digit of 37485?
3
What is the tens digit of 28957?
5
What is the units digit of 512?
2
What is the units digit of 77?
7
What is the hundreds digit of 38104?
1
What is the units digit of 75069?
9
What is the units digi